{"id":92,"date":"2025-10-30T10:19:59","date_gmt":"2025-10-30T10:19:59","guid":{"rendered":"https:\/\/clustercld.dfmdevelopers.com\/?page_id=92"},"modified":"2025-12-15T15:22:24","modified_gmt":"2025-12-15T15:22:24","slug":"ecosistema","status":"publish","type":"page","link":"https:\/\/clustercld.dfmdevelopers.com\/?page_id=92","title":{"rendered":"Proyectos y Actividad"},"content":{"rendered":"\t\t<div data-elementor-type=\"wp-page\" data-elementor-id=\"92\" class=\"elementor elementor-92\" data-elementor-post-type=\"page\">\n\t\t\t\t<div class=\"elementor-element elementor-element-30bec22f e-flex e-con-boxed e-con e-parent\" data-id=\"30bec22f\" data-element_type=\"container\" data-settings=\"{&quot;background_background&quot;:&quot;gradient&quot;,&quot;shape_divider_bottom&quot;:&quot;waves&quot;}\">\n\t\t\t\t\t<div class=\"e-con-inner\">\n\t\t\t\t<div class=\"elementor-shape elementor-shape-bottom\" aria-hidden=\"true\" data-negative=\"false\">\n\t\t\t<svg xmlns=\"http:\/\/www.w3.org\/2000\/svg\" viewBox=\"0 0 1000 100\" preserveAspectRatio=\"none\">\n\t<path class=\"elementor-shape-fill\" d=\"M421.9,6.5c22.6-2.5,51.5,0.4,75.5,5.3c23.6,4.9,70.9,23.5,100.5,35.7c75.8,32.2,133.7,44.5,192.6,49.7\n\tc23.6,2.1,48.7,3.5,103.4-2.5c54.7-6,106.2-25.6,106.2-25.6V0H0v30.3c0,0,72,32.6,158.4,30.5c39.2-0.7,92.8-6.7,134-22.4\n\tc21.2-8.1,52.2-18.2,79.7-24.2C399.3,7.9,411.6,7.5,421.9,6.5z\"\/>\n<\/svg>\t\t<\/div>\n\t\t\t\t<div class=\"elementor-element elementor-element-3392cb6a elementor-invisible elementor-widget elementor-widget-heading\" data-id=\"3392cb6a\" data-element_type=\"widget\" data-settings=\"{&quot;_animation&quot;:&quot;fadeInDown&quot;}\" data-widget_type=\"heading.default\">\n\t\t\t\t\t<h1 class=\"elementor-heading-title elementor-size-default\">Proyectos y actividad<\/h1>\t\t\t\t<\/div>\n\t\t\t\t<div class=\"elementor-element elementor-element-7caa0caf elementor-invisible elementor-widget elementor-widget-heading\" data-id=\"7caa0caf\" data-element_type=\"widget\" data-settings=\"{&quot;_animation&quot;:&quot;fadeInUp&quot;}\" data-widget_type=\"heading.default\">\n\t\t\t\t\t<h3 class=\"elementor-heading-title elementor-size-default\">Iniciativas y l\u00edneas de trabajo del Cl\u00faster CLD<\/h3>\t\t\t\t<\/div>\n\t\t\t\t\t<\/div>\n\t\t\t\t<\/div>\n\t\t<div class=\"elementor-element elementor-element-6b262129 e-flex e-con-boxed e-con e-parent\" data-id=\"6b262129\" data-element_type=\"container\" data-settings=\"{&quot;background_background&quot;:&quot;classic&quot;}\">\n\t\t\t\t\t<div class=\"e-con-inner\">\n\t\t<div class=\"elementor-element elementor-element-7b201ffb e-flex e-con-boxed e-con e-child\" data-id=\"7b201ffb\" data-element_type=\"container\">\n\t\t\t\t\t<div class=\"e-con-inner\">\n\t\t\t\t<div class=\"elementor-element elementor-element-7bf1fb50 elementor-widget elementor-widget-heading\" data-id=\"7bf1fb50\" data-element_type=\"widget\" data-widget_type=\"heading.default\">\n\t\t\t\t\t<h3 class=\"elementor-heading-title elementor-size-default\">Proyectos e iniciativas del Cl\u00faster CLD<\/h3>\t\t\t\t<\/div>\n\t\t\t\t<div class=\"elementor-element elementor-element-7c92e1fa elementor-widget elementor-widget-heading\" data-id=\"7c92e1fa\" data-element_type=\"widget\" data-widget_type=\"heading.default\">\n\t\t\t\t\t<h2 class=\"elementor-heading-title elementor-size-default\">Proyectos e iniciativas del Cl\u00faster CLD<\/h2>\t\t\t\t<\/div>\n\t\t\t\t<div class=\"elementor-element elementor-element-6348af42 elementor-widget elementor-widget-text-editor\" data-id=\"6348af42\" data-element_type=\"widget\" data-widget_type=\"text-editor.default\">\n\t\t\t\t\t\t\t\t\t<p data-start=\"366\" data-end=\"546\">En este apartado se recogen los <strong data-start=\"398\" data-end=\"455\">proyectos y la actividad impulsada por el Cl\u00faster CLD<\/strong>, reflejando las iniciativas en las que participan las empresas y organizaciones asociadas.<\/p><p data-start=\"548\" data-end=\"783\">A trav\u00e9s de estos proyectos se ponen en marcha acciones orientadas a la <strong data-start=\"620\" data-end=\"693\">innovaci\u00f3n, la mejora del sector y el desarrollo de nuevas soluciones<\/strong>, as\u00ed como a la dinamizaci\u00f3n del ecosistema de los cuidados de larga duraci\u00f3n en Asturias.<\/p>\t\t\t\t\t\t\t\t<\/div>\n\t\t\t\t\t<\/div>\n\t\t\t\t<\/div>\n\t\t<div class=\"elementor-element elementor-element-2b1d136f e-con-full e-flex e-con e-child\" data-id=\"2b1d136f\" data-element_type=\"container\" data-settings=\"{&quot;motion_fx_motion_fx_scrolling&quot;:&quot;yes&quot;,&quot;motion_fx_translateY_effect&quot;:&quot;yes&quot;,&quot;motion_fx_translateY_speed&quot;:{&quot;unit&quot;:&quot;px&quot;,&quot;size&quot;:1,&quot;sizes&quot;:[]},&quot;motion_fx_translateY_affectedRange&quot;:{&quot;unit&quot;:&quot;%&quot;,&quot;size&quot;:&quot;&quot;,&quot;sizes&quot;:{&quot;start&quot;:0,&quot;end&quot;:50}},&quot;motion_fx_opacity_effect&quot;:&quot;yes&quot;,&quot;motion_fx_opacity_range&quot;:{&quot;unit&quot;:&quot;%&quot;,&quot;size&quot;:&quot;&quot;,&quot;sizes&quot;:{&quot;start&quot;:0,&quot;end&quot;:50}},&quot;motion_fx_opacity_direction&quot;:&quot;out-in&quot;,&quot;motion_fx_opacity_level&quot;:{&quot;unit&quot;:&quot;px&quot;,&quot;size&quot;:10,&quot;sizes&quot;:[]},&quot;motion_fx_devices&quot;:[&quot;desktop&quot;,&quot;tablet&quot;,&quot;mobile&quot;]}\">\n\t\t<div class=\"elementor-element elementor-element-6a52c1e e-con-full e-flex e-con e-child\" data-id=\"6a52c1e\" data-element_type=\"container\">\n\t\t\t\t<div class=\"elementor-element elementor-element-2b3130c elementor-grid-3 elementor-grid-tablet-2 elementor-grid-mobile-1 elementor-widget elementor-widget-loop-grid\" data-id=\"2b3130c\" data-element_type=\"widget\" data-settings=\"{&quot;template_id&quot;:735,&quot;_skin&quot;:&quot;post&quot;,&quot;columns&quot;:&quot;3&quot;,&quot;columns_tablet&quot;:&quot;2&quot;,&quot;columns_mobile&quot;:&quot;1&quot;,&quot;edit_handle_selector&quot;:&quot;[data-elementor-type=\\&quot;loop-item\\&quot;]&quot;,&quot;row_gap&quot;:{&quot;unit&quot;:&quot;px&quot;,&quot;size&quot;:&quot;&quot;,&quot;sizes&quot;:[]},&quot;row_gap_tablet&quot;:{&quot;unit&quot;:&quot;px&quot;,&quot;size&quot;:&quot;&quot;,&quot;sizes&quot;:[]},&quot;row_gap_mobile&quot;:{&quot;unit&quot;:&quot;px&quot;,&quot;size&quot;:&quot;&quot;,&quot;sizes&quot;:[]}}\" data-widget_type=\"loop-grid.post\">\n\t\t\t\t<div class=\"elementor-widget-container\">\n\t\t\t\t\t\t\t<div class=\"elementor-loop-container elementor-grid\" role=\"list\">\n\t\t<style id=\"loop-735\">.elementor-735 .elementor-element.elementor-element-320046b{--display:flex;--border-radius:15px 15px 15px 70px;box-shadow:0px 0px 20px 0px rgba(0,0,0,0.05);--padding-top:5%;--padding-bottom:5%;--padding-left:3.7%;--padding-right:3.7%;}.elementor-735 .elementor-element.elementor-element-320046b:not(.elementor-motion-effects-element-type-background), .elementor-735 .elementor-element.elementor-element-320046b > .elementor-motion-effects-container > .elementor-motion-effects-layer{background-color:var( --e-global-color-b500f0a );}.elementor-widget-image .widget-image-caption{color:var( --e-global-color-text );font-family:var( --e-global-typography-text-font-family ), Sans-serif;font-size:var( --e-global-typography-text-font-size );font-weight:var( --e-global-typography-text-font-weight );line-height:var( --e-global-typography-text-line-height );}.elementor-735 .elementor-element.elementor-element-1e9a113{--display:flex;--gap:0px 0px;--row-gap:0px;--column-gap:0px;--padding-top:4%;--padding-bottom:4%;--padding-left:4%;--padding-right:4%;}.elementor-735 .elementor-element.elementor-element-5bae4b1{text-align:left;}.elementor-735 .elementor-element.elementor-element-5bae4b1 img{width:42%;}.elementor-widget-icon-box.elementor-view-stacked .elementor-icon{background-color:var( --e-global-color-primary );}.elementor-widget-icon-box.elementor-view-framed .elementor-icon, .elementor-widget-icon-box.elementor-view-default .elementor-icon{fill:var( --e-global-color-primary );color:var( --e-global-color-primary );border-color:var( --e-global-color-primary );}.elementor-widget-icon-box .elementor-icon-box-title, .elementor-widget-icon-box .elementor-icon-box-title a{font-family:var( --e-global-typography-primary-font-family ), Sans-serif;font-size:var( --e-global-typography-primary-font-size );font-weight:var( --e-global-typography-primary-font-weight );text-transform:var( --e-global-typography-primary-text-transform );line-height:var( --e-global-typography-primary-line-height );}.elementor-widget-icon-box .elementor-icon-box-title{color:var( --e-global-color-primary );}.elementor-widget-icon-box:has(:hover) .elementor-icon-box-title,\n\t\t\t\t\t .elementor-widget-icon-box:has(:focus) .elementor-icon-box-title{color:var( --e-global-color-primary );}.elementor-widget-icon-box .elementor-icon-box-description{font-family:var( --e-global-typography-text-font-family ), Sans-serif;font-size:var( --e-global-typography-text-font-size );font-weight:var( --e-global-typography-text-font-weight );line-height:var( --e-global-typography-text-line-height );color:var( --e-global-color-text );}.elementor-735 .elementor-element.elementor-element-1477d80 .elementor-icon-box-wrapper{text-align:left;}.elementor-735 .elementor-element.elementor-element-1477d80 .elementor-icon-box-title, .elementor-735 .elementor-element.elementor-element-1477d80 .elementor-icon-box-title a{font-family:var( --e-global-typography-6ed476c-font-family ), Sans-serif;font-size:var( --e-global-typography-6ed476c-font-size );font-weight:var( --e-global-typography-6ed476c-font-weight );text-transform:var( --e-global-typography-6ed476c-text-transform );}.elementor-735 .elementor-element.elementor-element-1477d80 .elementor-icon-box-description{font-family:var( --e-global-typography-text-font-family ), Sans-serif;font-size:var( --e-global-typography-text-font-size );font-weight:var( --e-global-typography-text-font-weight );line-height:var( --e-global-typography-text-line-height );color:var( --e-global-color-text );}.elementor-widget-button .elementor-button{background-color:var( --e-global-color-accent );font-family:var( --e-global-typography-accent-font-family ), Sans-serif;font-size:var( --e-global-typography-accent-font-size );font-weight:var( --e-global-typography-accent-font-weight );text-transform:var( --e-global-typography-accent-text-transform );line-height:var( --e-global-typography-accent-line-height );}.elementor-735 .elementor-element.elementor-element-40c574c .elementor-button{background-color:var( --e-global-color-accent );font-family:var( --e-global-typography-accent-font-family ), Sans-serif;font-size:var( --e-global-typography-accent-font-size );font-weight:var( --e-global-typography-accent-font-weight );text-transform:var( --e-global-typography-accent-text-transform );line-height:var( --e-global-typography-accent-line-height );fill:var( --e-global-color-f898f31 );color:var( --e-global-color-f898f31 );border-style:solid;border-radius:31px 31px 31px 31px;padding:14px 14px 14px 14px;}.elementor-735 .elementor-element.elementor-element-40c574c .elementor-button:hover, .elementor-735 .elementor-element.elementor-element-40c574c .elementor-button:focus{background-color:var( --e-global-color-primary );color:var( --e-global-color-f898f31 );}.elementor-735 .elementor-element.elementor-element-40c574c{padding:5% 0% 0% 0%;}.elementor-735 .elementor-element.elementor-element-40c574c .elementor-button-content-wrapper{flex-direction:row-reverse;}.elementor-735 .elementor-element.elementor-element-40c574c .elementor-button .elementor-button-content-wrapper{gap:10px;}.elementor-735 .elementor-element.elementor-element-40c574c .elementor-button:hover svg, .elementor-735 .elementor-element.elementor-element-40c574c .elementor-button:focus svg{fill:var( --e-global-color-f898f31 );}@media(max-width:1024px){.elementor-widget-image .widget-image-caption{font-size:var( --e-global-typography-text-font-size );line-height:var( --e-global-typography-text-line-height );}.elementor-widget-icon-box .elementor-icon-box-title, .elementor-widget-icon-box .elementor-icon-box-title a{font-size:var( --e-global-typography-primary-font-size );line-height:var( --e-global-typography-primary-line-height );}.elementor-widget-icon-box .elementor-icon-box-description{font-size:var( --e-global-typography-text-font-size );line-height:var( --e-global-typography-text-line-height );}.elementor-735 .elementor-element.elementor-element-1477d80 .elementor-icon-box-title, .elementor-735 .elementor-element.elementor-element-1477d80 .elementor-icon-box-title a{font-size:var( --e-global-typography-6ed476c-font-size );}.elementor-735 .elementor-element.elementor-element-1477d80 .elementor-icon-box-description{font-size:var( --e-global-typography-text-font-size );line-height:var( --e-global-typography-text-line-height );}.elementor-widget-button .elementor-button{font-size:var( --e-global-typography-accent-font-size );line-height:var( --e-global-typography-accent-line-height );}.elementor-735 .elementor-element.elementor-element-40c574c .elementor-button{font-size:var( --e-global-typography-accent-font-size );line-height:var( --e-global-typography-accent-line-height );}}@media(min-width:768px){.elementor-735 .elementor-element.elementor-element-320046b{--width:100%;}}@media(max-width:767px){.elementor-735 .elementor-element.elementor-element-320046b{--padding-top:10%;--padding-bottom:10%;--padding-left:10%;--padding-right:10%;}.elementor-widget-image .widget-image-caption{font-size:var( --e-global-typography-text-font-size );line-height:var( --e-global-typography-text-line-height );}.elementor-widget-icon-box .elementor-icon-box-title, .elementor-widget-icon-box .elementor-icon-box-title a{font-size:var( --e-global-typography-primary-font-size );line-height:var( --e-global-typography-primary-line-height );}.elementor-widget-icon-box .elementor-icon-box-description{font-size:var( --e-global-typography-text-font-size );line-height:var( --e-global-typography-text-line-height );}.elementor-735 .elementor-element.elementor-element-1477d80 .elementor-icon-box-title, .elementor-735 .elementor-element.elementor-element-1477d80 .elementor-icon-box-title a{font-size:var( --e-global-typography-6ed476c-font-size );}.elementor-735 .elementor-element.elementor-element-1477d80 .elementor-icon-box-description{font-size:var( --e-global-typography-text-font-size );line-height:var( --e-global-typography-text-line-height );}.elementor-widget-button .elementor-button{font-size:var( --e-global-typography-accent-font-size );line-height:var( --e-global-typography-accent-line-height );}.elementor-735 .elementor-element.elementor-element-40c574c .elementor-button{font-size:var( --e-global-typography-accent-font-size );line-height:var( --e-global-typography-accent-line-height );}}<\/style>\t\t<div data-elementor-type=\"loop-item\" data-elementor-id=\"735\" class=\"elementor elementor-735 e-loop-item e-loop-item-761 post-761 proyecto type-proyecto status-publish hentry\" data-elementor-post-type=\"elementor_library\" data-custom-edit-handle=\"1\">\n\t\t\t<div class=\"elementor-element elementor-element-320046b e-con-full e-flex e-con e-child\" data-id=\"320046b\" data-element_type=\"container\" data-settings=\"{&quot;background_background&quot;:&quot;classic&quot;}\">\n\t\t\t\t<div class=\"elementor-element elementor-element-d3be708 elementor-widget elementor-widget-image\" data-id=\"d3be708\" data-element_type=\"widget\" data-widget_type=\"image.default\">\n\t\t\t\t\t\t\t\t\t\t\t\t\t\t\t<img fetchpriority=\"high\" decoding=\"async\" width=\"800\" height=\"540\" src=\"https:\/\/clustercld.dfmdevelopers.com\/wp-content\/uploads\/2025\/12\/Cluster-4.jpg\" class=\"attachment-large size-large wp-image-765\" alt=\"\" srcset=\"https:\/\/clustercld.dfmdevelopers.com\/wp-content\/uploads\/2025\/12\/Cluster-4.jpg 1000w, https:\/\/clustercld.dfmdevelopers.com\/wp-content\/uploads\/2025\/12\/Cluster-4-300x203.jpg 300w, https:\/\/clustercld.dfmdevelopers.com\/wp-content\/uploads\/2025\/12\/Cluster-4-768x518.jpg 768w\" sizes=\"(max-width: 800px) 100vw, 800px\" \/>\t\t\t\t\t\t\t\t\t\t\t\t\t\t\t<\/div>\n\t\t<div class=\"elementor-element elementor-element-1e9a113 e-flex e-con-boxed e-con e-child\" data-id=\"1e9a113\" data-element_type=\"container\">\n\t\t\t\t\t<div class=\"e-con-inner\">\n\t\t\t\t<div class=\"elementor-element elementor-element-5bae4b1 elementor-widget elementor-widget-image\" data-id=\"5bae4b1\" data-element_type=\"widget\" data-widget_type=\"image.default\">\n\t\t\t\t\t\t\t\t\t\t\t\t\t\t\t<img decoding=\"async\" width=\"800\" height=\"252\" src=\"https:\/\/clustercld.dfmdevelopers.com\/wp-content\/uploads\/2025\/12\/Cluster-2.png\" class=\"attachment-large size-large wp-image-764\" alt=\"\" srcset=\"https:\/\/clustercld.dfmdevelopers.com\/wp-content\/uploads\/2025\/12\/Cluster-2.png 932w, https:\/\/clustercld.dfmdevelopers.com\/wp-content\/uploads\/2025\/12\/Cluster-2-300x95.png 300w, https:\/\/clustercld.dfmdevelopers.com\/wp-content\/uploads\/2025\/12\/Cluster-2-768x242.png 768w\" sizes=\"(max-width: 800px) 100vw, 800px\" \/>\t\t\t\t\t\t\t\t\t\t\t\t\t\t\t<\/div>\n\t\t\t\t<div class=\"elementor-element elementor-element-1477d80 elementor-widget elementor-widget-icon-box\" data-id=\"1477d80\" data-element_type=\"widget\" data-widget_type=\"icon-box.default\">\n\t\t\t\t\t\t\t<div class=\"elementor-icon-box-wrapper\">\n\n\t\t\t\n\t\t\t\t\t\t<div class=\"elementor-icon-box-content\">\n\n\t\t\t\t\t\t\t\t\t<h3 class=\"elementor-icon-box-title\">\n\t\t\t\t\t\t<span  >\n\t\t\t\t\t\t\tProyecto LATIDO\t\t\t\t\t\t<\/span>\n\t\t\t\t\t<\/h3>\n\t\t\t\t\n\t\t\t\t\t\t\t\t\t<p class=\"elementor-icon-box-description\">\n\t\t\t\t\t\tImpulsando modelos de cuidado basados en la prevenci\u00f3n y la innovaci\u00f3n social.\t\t\t\t\t<\/p>\n\t\t\t\t\n\t\t\t<\/div>\n\t\t\t\n\t\t<\/div>\n\t\t\t\t\t\t<\/div>\n\t\t\t\t<div class=\"elementor-element elementor-element-40c574c elementor-align-left elementor-mobile-align-center elementor-widget elementor-widget-button\" data-id=\"40c574c\" data-element_type=\"widget\" data-widget_type=\"button.default\">\n\t\t\t\t\t\t\t\t\t\t<a class=\"elementor-button elementor-button-link elementor-size-sm elementor-animation-grow\" href=\"https:\/\/clustercld.dfmdevelopers.com\/?proyecto=proyecto-latido\">\n\t\t\t\t\t\t<span class=\"elementor-button-content-wrapper\">\n\t\t\t\t\t\t<span class=\"elementor-button-icon\">\n\t\t\t\t<svg aria-hidden=\"true\" class=\"e-font-icon-svg e-fas-arrow-right\" viewBox=\"0 0 448 512\" xmlns=\"http:\/\/www.w3.org\/2000\/svg\"><path d=\"M190.5 66.9l22.2-22.2c9.4-9.4 24.6-9.4 33.9 0L441 239c9.4 9.4 9.4 24.6 0 33.9L246.6 467.3c-9.4 9.4-24.6 9.4-33.9 0l-22.2-22.2c-9.5-9.5-9.3-25 .4-34.3L311.4 296H24c-13.3 0-24-10.7-24-24v-32c0-13.3 10.7-24 24-24h287.4L190.9 101.2c-9.8-9.3-10-24.8-.4-34.3z\"><\/path><\/svg>\t\t\t<\/span>\n\t\t\t\t\t\t\t\t\t<span class=\"elementor-button-text\">Leer m\u00e1s<\/span>\n\t\t\t\t\t<\/span>\n\t\t\t\t\t<\/a>\n\t\t\t\t\t\t\t\t<\/div>\n\t\t\t\t\t<\/div>\n\t\t\t\t<\/div>\n\t\t\t\t<\/div>\n\t\t\t\t<\/div>\n\t\t\t\t<\/div>\n\t\t\n\t\t\t\t\t\t<\/div>\n\t\t\t\t<\/div>\n\t\t\t\t<\/div>\n\t\t\t\t<\/div>\n\t\t\t\t\t<\/div>\n\t\t\t\t<\/div>\n\t\t<div class=\"elementor-element elementor-element-637eb8c e-flex e-con-boxed e-con e-parent\" data-id=\"637eb8c\" data-element_type=\"container\" data-settings=\"{&quot;background_background&quot;:&quot;gradient&quot;,&quot;shape_divider_top&quot;:&quot;waves&quot;}\">\n\t\t\t\t\t<div class=\"e-con-inner\">\n\t\t\t\t<div class=\"elementor-shape elementor-shape-top\" aria-hidden=\"true\" data-negative=\"false\">\n\t\t\t<svg xmlns=\"http:\/\/www.w3.org\/2000\/svg\" viewBox=\"0 0 1000 100\" preserveAspectRatio=\"none\">\n\t<path class=\"elementor-shape-fill\" d=\"M421.9,6.5c22.6-2.5,51.5,0.4,75.5,5.3c23.6,4.9,70.9,23.5,100.5,35.7c75.8,32.2,133.7,44.5,192.6,49.7\n\tc23.6,2.1,48.7,3.5,103.4-2.5c54.7-6,106.2-25.6,106.2-25.6V0H0v30.3c0,0,72,32.6,158.4,30.5c39.2-0.7,92.8-6.7,134-22.4\n\tc21.2-8.1,52.2-18.2,79.7-24.2C399.3,7.9,411.6,7.5,421.9,6.5z\"\/>\n<\/svg>\t\t<\/div>\n\t\t<div class=\"elementor-element elementor-element-9e8c06c e-con-full e-flex e-con e-child\" data-id=\"9e8c06c\" data-element_type=\"container\">\n\t\t\t\t<div class=\"elementor-element elementor-element-b013409 elementor-widget elementor-widget-heading\" data-id=\"b013409\" data-element_type=\"widget\" data-widget_type=\"heading.default\">\n\t\t\t\t\t<h4 class=\"elementor-heading-title elementor-size-default\">\u00bfQuieres formar parte del cambio?<\/h4>\t\t\t\t<\/div>\n\t\t\t\t<div class=\"elementor-element elementor-element-73a340b elementor-widget elementor-widget-heading\" data-id=\"73a340b\" data-element_type=\"widget\" data-widget_type=\"heading.default\">\n\t\t\t\t\t<h2 class=\"elementor-heading-title elementor-size-default\">S\u00famate al Cl\u00faster CLD y colabora en la construcci\u00f3n de un nuevo modelo de cuidados en Asturias: m\u00e1s innovador, m\u00e1s humano y m\u00e1s sostenible.<\/h2>\t\t\t\t<\/div>\n\t\t\t\t<div class=\"elementor-element elementor-element-74d3216 elementor-mobile-align-center elementor-widget elementor-widget-button\" data-id=\"74d3216\" data-element_type=\"widget\" data-widget_type=\"button.default\">\n\t\t\t\t\t\t\t\t\t\t<a class=\"elementor-button elementor-button-link elementor-size-md\" href=\"https:\/\/clustercld.dfmdevelopers.com\/?page_id=127\">\n\t\t\t\t\t\t<span class=\"elementor-button-content-wrapper\">\n\t\t\t\t\t\t<span class=\"elementor-button-icon\">\n\t\t\t\t<svg aria-hidden=\"true\" class=\"e-font-icon-svg e-fas-arrow-right\" viewBox=\"0 0 448 512\" xmlns=\"http:\/\/www.w3.org\/2000\/svg\"><path d=\"M190.5 66.9l22.2-22.2c9.4-9.4 24.6-9.4 33.9 0L441 239c9.4 9.4 9.4 24.6 0 33.9L246.6 467.3c-9.4 9.4-24.6 9.4-33.9 0l-22.2-22.2c-9.5-9.5-9.3-25 .4-34.3L311.4 296H24c-13.3 0-24-10.7-24-24v-32c0-13.3 10.7-24 24-24h287.4L190.9 101.2c-9.8-9.3-10-24.8-.4-34.3z\"><\/path><\/svg>\t\t\t<\/span>\n\t\t\t\t\t\t\t\t\t<span class=\"elementor-button-text\">Contacta con nosotros<\/span>\n\t\t\t\t\t<\/span>\n\t\t\t\t\t<\/a>\n\t\t\t\t\t\t\t\t<\/div>\n\t\t\t\t<\/div>\n\t\t<div class=\"elementor-element elementor-element-9e2c4b3 e-con-full e-flex e-con e-child\" data-id=\"9e2c4b3\" data-element_type=\"container\">\n\t\t\t\t<div class=\"elementor-element elementor-element-b0f2beb elementor-widget elementor-widget-image\" data-id=\"b0f2beb\" data-element_type=\"widget\" data-widget_type=\"image.default\">\n\t\t\t\t\t\t\t\t\t\t\t\t\t\t\t<img decoding=\"async\" width=\"800\" height=\"800\" src=\"https:\/\/clustercld.dfmdevelopers.com\/wp-content\/uploads\/2025\/12\/Cluster--1024x1024.jpg\" class=\"attachment-large size-large wp-image-642\" alt=\"\" srcset=\"https:\/\/clustercld.dfmdevelopers.com\/wp-content\/uploads\/2025\/12\/Cluster--1024x1024.jpg 1024w, https:\/\/clustercld.dfmdevelopers.com\/wp-content\/uploads\/2025\/12\/Cluster--300x300.jpg 300w, https:\/\/clustercld.dfmdevelopers.com\/wp-content\/uploads\/2025\/12\/Cluster--150x150.jpg 150w, https:\/\/clustercld.dfmdevelopers.com\/wp-content\/uploads\/2025\/12\/Cluster--768x768.jpg 768w, https:\/\/clustercld.dfmdevelopers.com\/wp-content\/uploads\/2025\/12\/Cluster--1536x1536.jpg 1536w, https:\/\/clustercld.dfmdevelopers.com\/wp-content\/uploads\/2025\/12\/Cluster-.jpg 1629w\" sizes=\"(max-width: 800px) 100vw, 800px\" \/>\t\t\t\t\t\t\t\t\t\t\t\t\t\t\t<\/div>\n\t\t\t\t<\/div>\n\t\t\t\t\t<\/div>\n\t\t\t\t<\/div>\n\t\t\t\t<\/div>\n\t\t","protected":false},"excerpt":{"rendered":"<p>Proyectos y actividad Iniciativas y l\u00edneas de trabajo del Cl\u00faster CLD Proyectos e iniciativas del Cl\u00faster CLD Proyectos e iniciativas del Cl\u00faster CLD En este apartado se recogen los proyectos y la actividad impulsada por el Cl\u00faster CLD, reflejando las iniciativas en las que participan las empresas y organizaciones asociadas. A trav\u00e9s de estos proyectos [&hellip;]<\/p>\n","protected":false},"author":1,"featured_media":102,"parent":0,"menu_order":0,"comment_status":"closed","ping_status":"closed","template":"elementor_header_footer","meta":{"_acf_changed":false,"footnotes":""},"class_list":["post-92","page","type-page","status-publish","has-post-thumbnail","hentry"],"acf":[],"_links":{"self":[{"href":"https:\/\/clustercld.dfmdevelopers.com\/index.php?rest_route=\/wp\/v2\/pages\/92","targetHints":{"allow":["GET"]}}],"collection":[{"href":"https:\/\/clustercld.dfmdevelopers.com\/index.php?rest_route=\/wp\/v2\/pages"}],"about":[{"href":"https:\/\/clustercld.dfmdevelopers.com\/index.php?rest_route=\/wp\/v2\/types\/page"}],"author":[{"embeddable":true,"href":"https:\/\/clustercld.dfmdevelopers.com\/index.php?rest_route=\/wp\/v2\/users\/1"}],"replies":[{"embeddable":true,"href":"https:\/\/clustercld.dfmdevelopers.com\/index.php?rest_route=%2Fwp%2Fv2%2Fcomments&post=92"}],"version-history":[{"count":18,"href":"https:\/\/clustercld.dfmdevelopers.com\/index.php?rest_route=\/wp\/v2\/pages\/92\/revisions"}],"predecessor-version":[{"id":821,"href":"https:\/\/clustercld.dfmdevelopers.com\/index.php?rest_route=\/wp\/v2\/pages\/92\/revisions\/821"}],"wp:featuredmedia":[{"embeddable":true,"href":"https:\/\/clustercld.dfmdevelopers.com\/index.php?rest_route=\/wp\/v2\/media\/102"}],"wp:attachment":[{"href":"https:\/\/clustercld.dfmdevelopers.com\/index.php?rest_route=%2Fwp%2Fv2%2Fmedia&parent=92"}],"curies":[{"name":"wp","href":"https:\/\/api.w.org\/{rel}","templated":true}]}}